 are the prime factors of 1415?
5, 283
List the prime factors of 26853.
3, 8951
List the prime factors of 724.
2, 181
List the prime factors of 28817.
28817
List the prime factors of 2086.
2, 7, 149
List the prime factors of 27872.
2, 13, 67
What are the prime factors of 7980?
2, 3, 5, 7, 19
What are the prime factors of 805?
5, 7, 23
What are the prime factors of 1440?
2, 3, 5
List the prime factors of 28043.
29, 967
What are the prime factors of 1758?
2, 3, 293
List the prime factors of 9858.
2, 3, 31, 53
List the prime factors of 584.
2, 73
What are the prime factors of 456?
2, 3, 19
List the prime factors of 1130.
2, 5, 113
List the prime factors of 4204.
2, 1051
List the prime factors of 10193.
10193
List the prime factors of 963.
3, 107
List the prime factors of 10658.
2, 73
What are the prime factors of 508?
2, 127
List the prime factors of 5022.
2, 3, 31
What are the prime factors of 1478?
2, 739
List the prime factors of 31130.
2, 5, 11, 283
List the prime factors of 141298.
2, 31, 43, 53
What are the prime factors of 50308?
2, 12577
What are the prime factors of 14286?
2, 3, 2381
What are the prime factors of 1798?
2, 29, 31
List the prime factors of 80826.
2, 3, 19, 709
List the prime factors of 96760.
2, 5, 41, 59
List the prime factors of 18413.
18413
List the prime factors of 3279.
3, 1093
What are the prime factors of 2383?
2383
List the prime factors of 1102.
2, 19, 29
List the prime factors of 3919.
3919
List the prime factors of 249.
3, 83
What are the prime factors of 2698?
2, 19, 71
List the prime factors of 32927.
19, 1733
List the prime factors of 6145.
5, 1229
List the prime factors of 3760.
2, 5, 47
List the prime factors of 108.
2, 3
What are the prime factors of 5109?
3, 13, 131
What are the prime factors of 540?
2, 3, 5
What are the prime factors of 30535?
5, 31, 197
What are the prime factors of 4236?
2, 3, 353
What are the prime factors of 1071?
3, 7, 17
List the prime factors of 119258.
2, 59629
What are the prime factors of 28806?
2, 3, 4801
What are the prime factors of 161466?
2, 3, 17, 1583
What are the prime factors of 790?
2, 5, 79
List the prime factors of 15576.
2, 3, 11, 59
List the prime factors of 10260.
2, 3, 5, 19
What are the prime factors of 387?
3, 43
List the prime factors of 1020.
2, 3, 5, 17
List the prime factors of 19609.
19609
List the prime factors of 576.
2, 3
What are the prime factors of 6963?
3, 11, 211
What are the prime factors of 2572?
2, 643
List the prime factors of 3994.
2, 1997
What are the prime factors of 1809?
3, 67
List the prime factors of 113003.
11, 10273
List the prime factors of 39809.
7, 11, 47
List the prime factors of 10587.
3, 3529
List the prime factors of 4410.
2, 3, 5, 7
What are the prime factors of 1729?
7, 13, 19
List the prime factors of 24009.
3, 53, 151
List the prime factors of 21335.
5, 17, 251
What are the prime factors of 9915?
3, 5, 661
What are the prime factors of 4893?
3, 7, 233
What are the prime factors of 51613?
51613
List the prime factors of 97065.
3, 5, 719
List the prime factors of 467.
467
List the prime factors of 3546.
2, 3, 197
List the prime factors of 12937.
17, 761
List the prime factors of 153761.
179, 859
List the prime factors of 5843.
5843
What are the prime factors of 24528?
2, 3, 7, 73
List the prime factors of 51675.
3, 5, 13, 53
List the prime factors of 211.
211
What are the prime factors of 25847?
25847
What are the prime factors of 64?
2
What are the prime factors of 23180?
2, 5, 19, 61
List the prime factors of 49180.
2, 5, 2459
List the prime factors of 259.
7, 37
List the prime factors of 4570.
2, 5, 457
List the prime factors of 3.
3
List the prime factors of 2309.
2309
List the prime factors of 1372.
2, 7
List the prime factors of 2893.
11, 263
List the prime factors of 34526.
2, 61, 283
List the prime factors of 12489.
3, 23, 181
What are the prime factors of 74959?
74959
List the prime factors of 835.
5, 167
What are the prime factors of 23230?
2, 5, 23, 101
List the prime factors of 174643.
7, 61, 409
List the prime factors of 176436.
2, 3, 13, 29
What are the prime factors of 6540?
2, 3, 5, 109
What are the prime factors of 5386?
2, 2693
What are the prime factors of 57445?
5, 11489
List the prime factors of 38499.
3, 41, 313
What are the prime factors of 739?
739
List the prime factors of 3212.
2, 11, 73
List the prime factors of 755.
5, 151
List the prime factors of 39048.
2, 3, 1627
What are the prime factors of 2984?
2, 373
What are the prime factors of 5574?
2, 3, 929
What are the prime factors of 3685?
5, 11, 67
List the prime factors of 22046.
2, 73, 151
What are the prime factors of 7488?
2, 3, 13
What are the prime factors of 10389?
3, 3463
List the prime factors of 930.
2, 3, 5, 31
What are the prime factors of 458?
2, 229
What are the prime factors of 3644?
2, 911
List the prime factors of 15929.
17, 937
What are the prime factors of 1680?
2, 3, 5, 7
What are the prime factors of 28760?
2, 5, 719
List the prime factors of 15112.
2, 1889
List the prime factors of 3244.
2, 811
List the prime factors of 3338.
2, 1669
What are the prime factors of 58038?
2, 3, 17, 569
What are the prime factors of 91213?
53, 1721
What are the prime factors of 16195?
5, 41, 79
What are the prime factors of 3235?
5, 647
What are the prime factors of 63814?
2, 31907
List the prime factors of 20002.
2, 73, 137
List the prime factors of 5148.
2, 3, 11, 13
What are the prime factors of 1532?
2, 383
List the prime factors of 88896.
2, 3, 463
List the prime factors of 17960.
2, 5, 449
List the prime factors of 35537.
35537
List the prime factors of 2746.
2, 1373
List the prime factors of 61.
61
What are the prime factors of 9337?
9337
What are the prime factors of 25038?
2, 3, 13, 107
What are the prime factors of 20242?
2, 29, 349
What are the prime factors of 109?
109
List the prime factors of 6227.
13, 479
List the prime factors of 43.
43
What are the prime factors of 90420?
2, 3, 5, 11, 137
List the prime factors of 18458.
2, 11, 839
List the prime factors of 69.
3, 23
List the prime factors of 1624.
2, 7, 29
What are the prime factors of 3297?
3, 7, 157
List the prime factors of 13250.
2, 5, 53
List the prime factors of 42048.
2, 3, 73
What are the prime factors of 6495?
3, 5, 433
List the prime factors of 5087.
5087
What are the prime factors of 5?
5
What are the prime factors of 1302?
2, 3, 7, 31
List the prime factors of 40931.
11, 61
What are the prime factors of 2244?
2, 3, 11, 17
List the prime factors of 901.
17, 53
What are the prime factors of 42031?
11, 3821
List the prime factors of 4334.
2, 11, 197
What are the prime factors of 7395?
3, 5, 17, 29
What are the prime factors of 6885?
3, 5, 17
What are the prime factors of 71198?
2, 97, 367
What are the prime factors of 5727?
3, 23, 83
What are the prime factors of 10420?
2, 5, 521
What are the prime factors of 2221?
2221
What are the prime factors of 273?
3, 7, 13
List the prime factors of 47053.
211, 223
What are the prime factors of 1032?
2, 3, 43
What are the prime factors of 29750?
2, 5, 7, 17
List the prime factors of 69156.
2, 3, 17, 113
What are the prime factors of 2635?
5, 17, 31
What are the prime factors of 340?
2, 5, 17
What are the prime factors of 1375?
5, 11
What are the prime factors of 125895?
3, 5, 7, 11, 109
What are the prime factors of 752?
2, 47
List the prime factors of 861.
3, 7, 41
List the prime factors of 455.
5, 7, 13
List the prime factors of 109705.
5, 37, 593
List the prime factors of 21127.
37, 571
List the prime factors of 1372.
2, 7
List the prime factors of 4334.
2, 11, 197
What are the prime factors of 7259?
7, 17, 61
What are the prime factors of 1175?
5, 47
What are the prime factors of 100620?
2, 3, 5, 13, 43
List the prime factors of 17927.
7, 13, 197
List the prime factors of 149479.
11, 107, 127
List the prime factors of 88463.
88463
What are the prime factors of 33479?
33479
What are the prime factors of 1262?
2, 631
List the prime factors of 3789.
3, 421
What are the prime factors of 121242?
2, 3, 11, 167
What are the prime factors of 13204?
2, 3301
What are the prime factors of 1528?
2, 191
What are the prime factors of 1600?
2, 5
List the prime factors of 121.
11
List the prime factors of 9895.
5, 1979
What are the prime